{"id":10,"date":"2025-07-09T13:50:35","date_gmt":"2025-07-09T13:50:35","guid":{"rendered":"https:\/\/real.moriczcloud.hu\/?page_id=10"},"modified":"2025-11-28T16:54:07","modified_gmt":"2025-11-28T16:54:07","slug":"anyagok-szabo-agnes","status":"publish","type":"page","link":"https:\/\/real.moriczcloud.hu\/index.php\/anyagok-szabo-agnes\/","title":{"rendered":"Anyagok &#8211; Szab\u00f3 \u00c1gnes"},"content":{"rendered":"\n<h2 class=\"wp-block-heading\">K\u00e9mia<\/h2>\n\n\n\n<div class=\"wp-block-file\"><a id=\"wp-block-file--media-63e887da-57df-472d-ba18-ade53cfd6950\" href=\"https:\/\/real.moriczcloud.hu\/wp-content\/uploads\/2025\/11\/racstipusok-tablazat.docx\">r\u00e1cst\u00edpusok t\u00e1bl\u00e1zat<\/a><a href=\"https:\/\/real.moriczcloud.hu\/wp-content\/uploads\/2025\/11\/racstipusok-tablazat.docx\" class=\"wp-block-file__button wp-element-button\" download aria-describedby=\"wp-block-file--media-63e887da-57df-472d-ba18-ade53cfd6950\">Let\u00f6lt\u00e9s<\/a><\/div>\n\n\n\n<div class=\"wp-block-file\"><a id=\"wp-block-file--media-161823a7-bc94-423f-8455-8881dacda94b\" href=\"https:\/\/real.moriczcloud.hu\/wp-content\/uploads\/2025\/11\/Halmazallapotok-tablazat.docx\">Halmaz\u00e1llapotok t\u00e1bl\u00e1zat<\/a><a href=\"https:\/\/real.moriczcloud.hu\/wp-content\/uploads\/2025\/11\/Halmazallapotok-tablazat.docx\" class=\"wp-block-file__button wp-element-button\" download aria-describedby=\"wp-block-file--media-161823a7-bc94-423f-8455-8881dacda94b\">Let\u00f6lt\u00e9s<\/a><\/div>\n\n\n\n<h2 class=\"wp-block-heading\">Matematika<\/h2>\n\n\n\n<p><\/p>\n\n\n\n<h2 class=\"wp-block-heading\">Komplex term\u00e9szettudom\u00e1ny<\/h2>\n\n\n\n<p><\/p>\n","protected":false},"excerpt":{"rendered":"<p>K\u00e9mia Matematika Komplex term\u00e9szettudom\u00e1ny<\/p>\n","protected":false},"author":1,"featured_media":0,"parent":0,"menu_order":0,"comment_status":"closed","ping_status":"closed","template":"","meta":{"footnotes":""},"class_list":["post-10","page","type-page","status-publish","hentry"],"_links":{"self":[{"href":"https:\/\/real.moriczcloud.hu\/index.php\/wp-json\/wp\/v2\/pages\/10","targetHints":{"allow":["GET"]}}],"collection":[{"href":"https:\/\/real.moriczcloud.hu\/index.php\/wp-json\/wp\/v2\/pages"}],"about":[{"href":"https:\/\/real.moriczcloud.hu\/index.php\/wp-json\/wp\/v2\/types\/page"}],"author":[{"embeddable":true,"href":"https:\/\/real.moriczcloud.hu\/index.php\/wp-json\/wp\/v2\/users\/1"}],"replies":[{"embeddable":true,"href":"https:\/\/real.moriczcloud.hu\/index.php\/wp-json\/wp\/v2\/comments?post=10"}],"version-history":[{"count":3,"href":"https:\/\/real.moriczcloud.hu\/index.php\/wp-json\/wp\/v2\/pages\/10\/revisions"}],"predecessor-version":[{"id":75,"href":"https:\/\/real.moriczcloud.hu\/index.php\/wp-json\/wp\/v2\/pages\/10\/revisions\/75"}],"wp:attachment":[{"href":"https:\/\/real.moriczcloud.hu\/index.php\/wp-json\/wp\/v2\/media?parent=10"}],"curies":[{"name":"wp","href":"https:\/\/api.w.org\/{rel}","templated":true}]}}